ermine s(-15).
-3
Let t(s) = -5*s + 1. Let a(b) = b**3 - 8*b**2 + 7*b - 10. Let z be a(8). Suppose -5*k - 1 = -z. Let o be (9/6)/(k/6). Give t(o).
-4
Let y(x) = 0*x**2 + 0*x**2 + 5 - 2*x**2 - 1 - 3*x. Suppose 2*c - 4 - 2 = 0. Suppose c = -2*z - 3. Determine y(z).
-5
Let j(b) = -b + 1. Let g be 4/5*(-50)/4. Calculate j(g).
11
Let h(q) = -7*q + 8. Let p(z) = -4*z + 4. Let f(d) = -3*h(d) + 5*p(d). Suppose 1933 - 2245 = -52*j. Calculate f(j).
2
Let v(b) = 2*b**2 - 17*b - 24. Let k(f) = -f**2 + 8*f + 12. Let p(n) = -5*k(n) - 2*v(n). Let z be p(8). Let c(s) = -s**2 + 2*s + 4. Determine c(z).
-4
Let x(y) = y**3 - 8*y**2 + 8*y. Suppose 0 = -32*g - 363 + 587. What is x(g)?
7
Let s(r) = 30*r - 32. Let d(b) = 14*b - 15. Let x(g) = -9*d(g) + 4*s(g). Give x(2).
-5
Let u(n) = n**3 + 6*n**2 - 16*n - 12. Let t(x) = 2*x**3 + 10*x**2 - 33*x - 25. Let c(g) = 2*t(g) - 5*u(g). Calculate c(-11).
-23
Let i(k) = -2*k + 7. Let l(h) = -3*h**2 - 15*h - 16. Let u be l(-1). Calculate i(u).
15
Let z(d) = -3*d + 100. Let l be z(31). Let b(y) = y - 11. Give b(l).
-4
Let j be 2/3*-3*42/4. Let u = j + 14. Let q(h) = -4*h - h**2 - 2*h + 6 - h. Determine q(u).
6
Suppose -36 = -526*k + 532*k. Let o(v) = -11*v + 8. Let b = -5 + 18. Let x(g) = -5*g + 4. Let q(d) = b*x(d) + k*o(d). Calculate q(-5).
-1
Suppose -9 - 6 = -5*r. Suppose 2*d - 9 = -5*m, 4*m - 5*d + 8 = 2. Let t(w) = m + 1 - 1 - 2*w. Determine t(r).
-5
Let j(g) be the third derivative of -g**7/2520 + g**6/720 - g**5/120 + g**4/6 + 7*g**2. Let q(r) be the second derivative of j(r). Give q(0).
-1
Let w(z) be the second derivative of z**4/3 + z**2/2 - z - 18. Suppose l = -4*o - 0*o + 9, 3*l - 3*o - 12 = 0. Suppose 5*i - l = -0*i. Calculate w(i).
5
Suppose 3*b + 49 - 76 = 0. Let v(h) = 1 - 10*h - 10*h**2 + b*h**2 + 13*h. Calculate v(-3).
-17
Let m(j) be the second derivative of 1/40*j**5 + 0*j**3 + 0*j**2 + 9*j - 1/720*j**6 + 0 + 1/3*j**4. Let n(b) be the third derivative of m(b). Calculate n(4).
-1
Let b(z) = z**2 + z - 2*z**2 - 2*z - 6*z**3. Suppose 60*y + 32 = 10 - 38. What is b(y)?
6
Suppose -6 = -9*m + 6*m. Let u(n) = -2*n**2 + 2 + 1 - n**3 + 5*n**m - 2*n. Determine u(2).
3
Let m(p) = -3*p - 34. Let g be m(-9). Let w(u) = u**2 + 5*u + 5. Determine w(g).
19
Let h(m) be the second derivative of m**3/6 + 5*m**2/2 + 6*m. Let y be 1 - 0 - 7 - (5 - 5). Calculate h(y).
-1
Let b(y) = y**3 - 9*y**2 - 2*y + 2. Let w(g) = -g**2 - 1. Let p(m) = -b(m) + 4*w(m). Suppose 0 = -4*d - 2*k + 24, 50 - 19 = 5*d + 3*k. Calculate p(d).
4
Suppose 3*z = -4*s - 8, 2*z - 4*s + 24 = z. Let j(v) = -v - 7. Let a be j(z). Let c(b) = b**2 - b + 2*b + a + 0. Give c(-1).
1
Let k(d) = -2*d + 2. Let p = -3 - -5. Let v be ((-120)/(-16))/(p/4). Let n be v/(-6)*(-3 - -1). Calculate k(n).
-8
Let n(u) = 9*u**2 - 11*u - 12. Let o(t) = 16*t**2 - 24*t - 23. Let w(a) = 7*n(a) - 4*o(a). Give w(19).
8
Let n(f) = -f**2 - 7*f - 5. Suppose 2*y + 9 = l - 0*y, 5*y + 21 = l. Suppose -3*r + 2*h - 22 = 0, 0*h + l = r + h. Give n(r).
7
Let g(z) = z**3 - 13*z**2 - z + 5. Let j(c) = 4*c**3 - 53*c**2 - 4*c + 19. Let y(o) = 9*g(o) - 2*j(o). Determine y(11).
-4
Let b(p) = -2*p**2 - 2*p - 1. Suppose 0*m + 3*i + 78 = 3*m, 3*m + 5*i = 86. Let n = -29 + m. What is b(n)?
-5
Let f(v) be the first derivative of 5/3*v**3 + 31 + 0*v + 1/2*v**2. What is f(1)?
6
Suppose 9 = -4*v - 11. Let r = -9 - -15. Let z(l) = -4*l + 6 + 5*l - r*l - l**3 - 6*l**2. Give z(v).
6
Let k(j) = 3*j + 5. Let i(d) = 2*d + 6. Let g(o) = -4*i(o) + 3*k(o). Let f be g(13). Let t(n) = 2*n**2 - 7*n + 4. Calculate t(f).
8
Let t(i) = 7*i - i**3 - i - i + 5*i**2 + 3. Let y(h) be the second derivative of -h**4/12 + 5*h**3/6 + h**2 - 11*h. Let k be y(4). What is t(k)?
-3
Let s(k) = -k**3 - 17*k**2 - 15*k + 6. Let d = -1533 + 1517. Give s(d).
-10
Suppose 0 = -5*k + 6*k + 13. Let o = -10 - k. Let a(l) = 0 + 7*l**2 + 1 - 8*l**3 - 4*l + 7*l**o - 3*l. Give a(6).
-5
Let d(x) be the first derivative of -2*x**2 - 4*x - 1450. Let j(b) = b + 1. Let z be j(-4). Determine d(z).
8
Let y(n) = n**2 - 2*n - 4. Suppose -2*w + 0*w + 2*s - 4 = 0, 0 = w + 3*s + 2. Let i be 132/20 - w/5. Suppose -3*d + i = -5. Determine y(d).
4
Let q(c) = -c**2 - 11*c - 15. Let p be 1 + 10*(-7 + 6). Calculate q(p).
3
Let m(j) be the second derivative of 1/6*j**3 - 11/2*j**2 - 8*j + 0. Give m(6).
-5
Let y(p) be the third derivative of -16*p**2 - 1/60*p**5 - 1/24*p**4 + 7/6*p**3 + 0*p + 0. Calculate y(0).
7
Let c = 35 + -31. Suppose 4 = -4*f, -c*f + 3 = -2*u - 3*f. Let v(k) = -k. Let y(j) = -j**3 - j**2 - 4*j + 3. Let p(b) = 6*v(b) - y(b). Determine p(u).
-3
Suppose -6*n - 5*x = -4*n - 6, -n + 3 = -2*x. Suppose 2*y - 3*d = 0, -n*d = -4*y - 6 - 0. Let h(o) = -o**3 - 3*o**2 + 2. Calculate h(y).
2
Let f be 5 + -38 + 1 - (-5)/1. Let v(r) = r**3 + 26*r**2 - 29*r - 53. Determine v(f).
1
Let z(h) = 10*h - 3*h**3 + 5 - 13*h + 2*h**3 + 2*h**2. Let w be z(2). Let k(o) = 4*o. Give k(w).
-4
Suppose 21 = -4*h + d, -3*d + 28 = 2*h - 7*h. Let n(v) = -50 - 4*v + v**3 + 55 + 6*v**2 + 9*v. Calculate n(h).
5
Let v(d) = d + 2. Let f be v(-7). Let l = f - -4. Let c(i) = i**3 - i - 1. Let t(s) = -3*s**3 - 5*s - 4. Let q(n) = -4*c(n) + t(n). Determine q(l).
8
Let x be (-328)/123*6/8. Let z(y) = 5*y**2 + 3*y + 2. Determine z(x).
16
Let y(t) = 6*t**3 + t**2 + 36*t + 5. Let b(i) = -5*i**3 - 2*i**2 - 30*i - 4. Let p(s) = -5*b(s) - 4*y(s). What is p(-5)?
-5
Let w(c) = 42 - 28 + 15*c - 2*c**2 - c. Determine w(8).
-2
Let g(n) be the third derivative of 49*n**4/24 - 5*n**3/2 + 5*n**2. Let i(s) = 25*s - 7. Let p(j) = 6*g(j) - 13*i(j). What is p(1)?
-30
Let z = -13 + 36. Let t = z - 16. Let j(w) = -t*w**2 + 4 + w - 4. Give j(-1).
-8
Let t(v) = 190*v - 66*v - 68*v - 65*v + 32. What is t(4)?
-4
Let z(r) = 1 + 10*r - 5*r + 0 - 3*r + 36*r**2. What is z(-1)?
35
Suppose 2*i - 10 = -3*i. Let z(a) = 2 + 1 - i + 84*a - 78*a. Give z(-1).
-5
Suppose 23*h = 19*h + 4, -5*h = 4*x - 21. Let f(d) = -d**3 + 4*d**2 + 4*d - 12. Calculate f(x).
4
Suppose 17 = -4*r + 25. Let l(t) = -t**3 - 2*t**2 + t - 1. Calculate l(r).
-15
Let q be (12/(-9))/(-4)*9. Let x(d) = 7 - q*d + 2*d + 0*d + 2*d. Calculate x(-4).
3
Let w(t) be the first derivative of t**4/4 - 11*t**3/3 + t**2/2 - 6*t + 70. Determine w(11).
5
Let i be 6/33 - (-430)/55. Let n(b) = b**3 - 7*b**2 - 11*b + 9. Calculate n(i).
-15
Let h(x) be the third derivative of x**7/5040 + 7*x**6/720 + 7*x**5/12 - 36*x**2. Let b(w) be the third derivative of h(w). What is b(-8)?
-1
Suppose 12*p - 24 = 7*p - g, 2*p = -2*g + 16. Let b(u) = 245 - p*u - 245. Give b(3).
-12
Suppose 4*b - 2*h = -123 - 443, -280 = 2*b - 4*h. Let a = b + 144. Let n(u) = u**3 - 3*u**2 + 2*u - 2. What is n(a)?
-2
Suppose -3*n = -5*n + 8. Suppose n*y + 0*u - u - 11 = 0, 0 = -y + 3*u. Suppose 0 = -y*k + 8 + 4. Let w(f) = -f**3 + 3*f**2 + 5*f - 5. Calculate w(k).
-1
Let d(u) be the third derivative of u**5/60 + u**4/24 - u**3/3 + 109*u**2. Give d(4).
18
Let y(m) = 12*m**2 + m. Let t(v) = -v**2 - 7*v - 3. Let b(n) = 2*n**2 + 8*n + 2. Let d(f) = -2*b(f) - 3*t(f). Let i be d(6). Calculate y(i).
11
Let y(l) = l**2 - l - 1. Let u be y(-1). Suppose -3*d - 6 + 27 = 0. Let n(f) = 20*f + 1. Let k(b) = -39*b - 2. Let r(p) = d*n(p) + 4*k(p). What is r(u)?
-17
Let i(m) = -2*m - 1. Let v(q) = -2*q**2 + 1. Let t be -1*(2 - 5 - -3). Let h be v(t). Determine i(h).
-3
Let x be 2/3 - (-21)/9. Suppose 0*z - 4*z = 3*q + 31, -3*q - 15 = 0. Let w(h) = 2*h - 9. Let m(u) = u - 8. Let k(f) = x*w(f) + z*m(f). Determine k(-5).
-5
Let q(y) = -3*y + 4*y + 3 + 2. Let f be q(13). Suppose -2*v + 11 = -5*i, 5*v + i = 4*i + f. Let p(h) = h**2 - 2*h - 4. Give p(v).
-1
Let x(z) = -z**3 + 18*z**2 - 42*z + 13. Let v(a) = a**2 + a - 1. Let m(d) = 3*v(d) - x(d). What is m(11)?
-5
Let u(v) = -21 - 41*v**2 + 23*v**2 - v + 17*v**2. Determine u(0).
-21
Let v be (-6)/21 + (-128)/(-56). Let f(m) = 2*m - 1 - m - 6*m**3 - v*m + 5*m**3 - 3*m**2. Let i = -7 - -4. Determine f(i).
2
Let j = -27 - -29. Suppose 0 = -j*x + 6*x - 4. Suppose -11 - x = 4*d, 4*k + d - 17 = 0. Let l(i) = -i**2 + 3*i + 7. What is l(k)?
-3
Let q(a) = -4*a**2 - 13*a + 7. Let m(s) = 3*s**2 + 12*s - 6. Let w = -54 - -49. Let t(d) = w*m(d) - 4*q(d). Calculate t(8).
2
Let i(x) be the third derivative of x**6/120 + x**5/10 + x**4/24 - x**3/2 - 63*x**2. Give i(-6).
-9
Let v(h) be the th